omposite number?
True
Is 395960711 prime?
False
Is 2102927 a prime number?
True
Is 622960643 composite?
False
Is 2546965 a prime number?
False
Is 7157321 a prime number?
False
Is 13183033 a prime number?
False
Is 831529 prime?
True
Is 7298867 a composite number?
False
Is 245027161 a composite number?
True
Is 911147 prime?
True
Is 67687351 a composite number?
True
Is 648359561 prime?
True
Is 22266511 composite?
False
Is 239378361 prime?
False
Is 32627299 composite?
False
Is 2721109 composite?
False
Is 3525163 prime?
False
Is 698821 composite?
False
Is 45952993 composite?
False
Is 29378423 a composite number?
False
Is 4175051 a composite number?
True
Is 22049623 a composite number?
False
Is 26112539 a composite number?
False
Is 9071647 prime?
False
Is 23964673 composite?
True
Is 24170569 composite?
True
Is 12184057 a prime number?
True
Is 352441 prime?
True
Is 12119201 a composite number?
True
Is 13959037 a composite number?
False
Is 44723879 prime?
True
Is 3834281 a prime number?
False
Is 96466933 prime?
False
Is 9464159 composite?
False
Is 2765747 a composite number?
True
Is 2891677 a composite number?
True
Is 4027451 prime?
True
Is 823481471 a prime number?
True
Is 109920649 a prime number?
False
Is 3961853 a composite number?
True
Is 4000169 a composite number?
False
Is 419147 a prime number?
True
Is 1835513 prime?
False
Is 12477026 composite?
True
Is 202401083 composite?
False
Is 4998319 a prime number?
True
Is 39275281 a composite number?
False
Is 66132399 a prime number?
False
Is 26454891 composite?
True
Is 11327867 a prime number?
False
Is 1438991 a composite number?
False
Is 3162329 a prime number?
False
Is 579971851 a prime number?
False
Is 21497657 a composite number?
False
Is 13483229 a prime number?
True
Is 2733247 prime?
False
Is 1601963 composite?
True
Is 2203555 a composite number?
True
Is 40373969 prime?
False
Is 224797 a composite number?
False
Is 12311242 prime?
False
Is 3466031 a composite number?
True
Is 49325909 composite?
False
Is 347931191 composite?
False
Is 2284355 composite?
True
Is 119768017 composite?
False
Is 4212079 a prime number?
False
Is 57279221 a prime number?
False
Is 83841809 prime?
True
Is 209055061 composite?
False
Is 70764809 composite?
False
Is 33869569 a composite number?
False
Is 3689377 composite?
False
Is 518105911 a prime number?
True
Is 3882757 prime?
False
Is 2512453 prime?
True
Is 1243439 prime?
True
Is 91801319 prime?
True
Is 274317805 prime?
False
Is 564827 composite?
False
Is 45187717 a composite number?
True
Is 11978671 a composite number?
False
Is 18280567 a prime number?
True
Is 5983097 prime?
False
Is 7289279 a prime number?
True
Is 16440887 a prime number?
False
Is 17655431 prime?
False
Is 3556061 a composite number?
False
Is 19811107 a prime number?
True
Is 95438711 a composite number?
False
Is 156719701 a composite number?
False
Is 1345051 a composite number?
False
Is 687479213 a prime number?
True
Is 757927 a prime number?
True
Is 762889 composite?
True
Is 91425049 prime?
True
Is 291677 prime?
True
Is 9091669 prime?
False
Is 3022111 a prime number?
False
Is 7807741 a prime number?
False
Is 144482737 composite?
True
Is 1934359 composite?
True
Is 19117609 a prime number?
False
Is 108108379 a prime number?
False
Is 8678171 prime?
False
Is 6605363 prime?
True
Is 1699781 composite?
False
Is 1950317 prime?
True
Is 61722637 a composite number?
False
Is 93127 prime?
False
Is 77149087 prime?
False
Is 41534203 composite?
True
Is 28984069 a composite number?
True
Is 4573177 composite?
True
Is 86058181 composite?
True
Is 25319683 a prime number?
True
Is 3788663 a prime number?
True
Is 38131259 a prime number?
False
Is 378022143 a composite number?
True
Is 14265647 composite?
True
Is 42477151 a composite number?
False
Is 2605787 prime?
True
Is 13283471 composite?
True
Is 508171 prime?
True
Is 186024631 a prime number?
False
Is 7737137 prime?
True
Is 21803879 composite?
False
Is 6001719 a composite number?
True
Is 103107831 prime?
False
Is 14439659 composite?
True
Is 75556499 composite?
True
Is 8667641 a prime number?
True
Is 29077645 prime?
False
Is 167520139 composite?
False
Is 1776409 a prime number?
False
Is 63241 a composite number?
False
Is 9572833 composite?
True
Is 22213369 prime?
True
Is 165643759 a composite number?
False
Is 8305361 a composite number?
False
Is 34831063 prime?
False
Is 740561 a composite number?
False
Is 349753 composite?
False
Is 307111741 prime?
True
Is 34362197 composite?
False
Is 475956421 a prime number?
True
Is 3984419 prime?
False
Is 10917701 prime?
False
Is 6851041 prime?
False
Is 80195233 a prime number?
False
Is 12665497 composite?
True
Is 4396669 composite?
False
Is 21273683 prime?
True
Is 122092943 prime?
False
Is 137098601 composite?
False
Is 206659291 a prime number?
True
Is 122854517 a composite number?
False
Is 17537279 prime?
True
Is 3940737 composite?
True
Is 19487683 a composite number?
False
Is 28562531 prime?
False
Is 19671971 prime?
False
Is 117746801 a prime number?
True
Is 252768527 a composite number?
True
Is 4217693 a composite number?
False
Is 88247953 a composite number?
False
Is 325152137 prime?
False
Is 138838493 a prime number?
True
Is 25476527 composite?
False
Is 301060691 prime?
True
Is 1636771 a prime number?
False
Is 1595413 composite?
True
Is 720241663 a composite number?
True
Is 12877831 a prime number?
True
Is 151809491 a prime number?
True
Is 40085 composite?
True
Is 671651 a prime number?
True
Is 327917 composite?
False
Is 24038647 a composite number?
True
Is 29212663 a prime number?
False
Is 35586247 a composite number?
False
Is 3796199 composite?
True
Is 49960949 a prime number?
False
Is 134419717 a prime number?
False
Is 45332579 prime?
True
Is 27768317 composite?
False
Is 39929 a composite number?
False
Is 79376611 a prime number?
False
Is 2476063 a prime number?
False
Is 71874787 composite?
False
Is 749633 composite?
True
Is 3610669 prime?
True
Is 2432237 prime?
True
Is 2017889 prime?
True
Is 2525363 composite?
False
Is 65756059 prime?
True
Is 18980797 composite?
True
Is 606887 composite?
True
Is 216693671 prime?
True
Is 2997751 composite?
True
Is 8809409 prime?
False
Is 9809207 a prime number?
True
Is 18254237 composite?
False
Is 54344893 prime?
False
Is 1731967 composite?
True
Is 20612369 prime?
True
Is 6350963 a composite number?
False
Is 2468237 prime?
False
Is 438652063 a composite number?
True
Is 512657 composite?
False
Is 2268919 composite?
False
Is 1310987 composite?
False
Is 349675199 prime?
True
Is 23645161 a composite number?
False
Is 16334821 prime?
True
Is 95695877 prime?
True
Is 872617 a composite number?
True
Is 88702123 composite?
False
Is 213682981 a prime number?
True
Is 520811881 prime?
False
Is 58421933 composite?
False
Is 4435539 composite?
True
Is 119523659 prime?
True
Is 370559 prime?
False
Is 65318853 a composite number?
True
Is 1910651 a prime number?
True
Is 31023737 prime?
False
Is 9163103 prime?
True
Is 925801 composite?
True
Is 2087627 composite?
False
Is 1699457 composite?
False
Is 4639417 a composite number?
True
Is 1112509 a prime number?
True
Is 37698873 a prime number?
False
Is 702629801 a prime number?
True
Is 289599703 composite?
True
Is 835097 a prime number?
True
Is 1188331 composite?
True
Is 143643191 composite?
True
Is 464591 prime?
True
Is 437071663 composite?
True
Is 252949 composite?
False
Is 15759831 prime?
False
Is 82063922 composite?
True
Is 24439777 a prime number?
False
Is 59838535 prime?
False
Is 487389593 a composite number?
True
Is 12851301 a prime number?
False
Is 19816729 composite?
True
Is 2961373 a composite number?
False
Is 2833421 a prime number?
True
Is 3993467 a prime number?
False
Is 67426234 composite?
True
Is 4931299 a prime number?
True
Is 17421449 a prime number?
True
Is 1655633 prime?
False
Is 7652641 composite?
False
Is 554783969 a prime number?
True
Is 106086451 a prime number?
True
Is 42528433 a prime number?
True
Is 7775567 a composite number?
True
Is 24230989 prime?
True
Is 1295851 a composite number?
True
Is 343997 a composite number?
False
Is 3328331 prime?
False
Is 4800619 a prime number?
True
Is 6903929 a composite number?
True
Is 109206689 composite?
True
Is 5772709 prime?
True
Is 1261654787 a composite number?
True
Is 1036537 a prime number?
True
Is